 to base 9
1
Convert 3 (base 12) to base 2.
11
Convert 4 (base 12) to base 13.
4
43 (base 14) to base 13
47
Convert 6 (base 13) to base 2.
110
What is -8 (base 16) in base 3?
-22
Convert -557 (base 8) to base 12.
-267
Convert 146 (base 10) to base 2.
10010010
Convert 54 (base 8) to base 4.
230
Convert -a (base 14) to base 5.
-20
Convert 10110 (base 2) to base 8.
26
4 (base 5) to base 10
4
Convert 16 (base 11) to base 7.
23
-111 (base 9) to base 5
-331
-120 (base 3) to base 11
-14
Convert 10 (base 14) to base 15.
e
4 (base 7) to base 14
4
1 (base 15) to base 14
1
-157 (base 8) to base 16
-6f
-13 (base 9) to base 7
-15
Convert 22 (base 4) to base 13.
a
-3 (base 11) to base 5
-3
-11023 (base 4) to base 2
-101001011
What is 55 (base 10) in base 13?
43
What is 2 (base 3) in base 7?
2
Convert -1 (base 11) to base 5.
-1
2 (base 3) to base 15
2
What is -4 (base 11) in base 6?
-4
What is -2222 (base 3) in base 5?
-310
33 (base 16) to base 14
39
-1d (base 16) to base 12
-25
Convert -1110 (base 2) to base 5.
-24
What is 111 (base 2) in base 16?
7
Convert -1305 (base 6) to base 5.
-2304
Convert -1 (base 13) to base 12.
-1
61 (base 16) to base 4
1201
What is -30 (base 9) in base 14?
-1d
What is -3 (base 14) in base 7?
-3
What is 3 (base 11) in base 6?
3
Convert 1a3 (base 12) to base 13.
177
Convert -3d (base 14) to base 2.
-110111
What is 7 (base 10) in base 5?
12
Convert -4 (base 9) to base 13.
-4
What is -112 (base 3) in base 4?
-32
What is 1 (base 13) in base 10?
1
159 (base 11) to base 4
2321
What is -545 (base 7) in base 16?
-116
What is -2210 (base 3) in base 16?
-4b
-23 (base 6) to base 4
-33
10 (base 2) to base 6
2
What is 10 (base 8) in base 9?
8
Convert -244 (base 6) to base 5.
-400
Convert -300 (base 4) to base 13.
-39
What is -6 (base 10) in base 2?
-110
Convert 0 (base 15) to base 13.
0
What is 133 (base 5) in base 10?
43
Convert -3 (base 14) to base 6.
-3
251 (base 8) to base 11
144
What is -5 (base 11) in base 7?
-5
Convert -3 (base 6) to base 9.
-3
What is 13 (base 7) in base 6?
14
Convert 5 (base 10) to base 15.
5
What is 14 (base 6) in base 11?
a
142 (base 5) to base 8
57
Convert -44 (base 16) to base 5.
-233
Convert 0 (base 10) to base 16.
0
Convert 6 (base 15) to base 13.
6
Convert -2 (base 14) to base 10.
-2
Convert -101000 (base 2) to base 7.
-55
13 (base 8) to base 2
1011
Convert 2 (base 3) to base 4.
2
87 (base 12) to base 16
67
Convert -12 (base 12) to base 7.
-20
Convert -135 (base 6) to base 5.
-214
Convert 4 (base 11) to base 7.
4
What is 23 (base 14) in base 2?
11111
Convert 43 (base 6) to base 10.
27
Convert 112 (base 10) to base 7.
220
Convert 2022 (base 3) to base 14.
46
What is 20 (base 4) in base 5?
13
Convert 12 (base 7) to base 10.
9
What is -43 (base 8) in base 10?
-35
Convert -1 (base 15) to base 4.
-1
-232 (base 6) to base 9
-112
-1000 (base 3) to base 11
-25
Convert 211 (base 8) to base 5.
1022
Convert -100 (base 13) to base 6.
-441
3 (base 12) to base 6
3
Convert -183 (base 11) to base 5.
-1322
What is -11 (base 2) in base 12?
-3
What is -a (base 14) in base 2?
-1010
1 (base 5) to base 11
1
What is 9 (base 12) in base 6?
13
203 (base 4) to base 13
29
25 (base 8) to base 7
30
Convert 64 (base 8) to base 4.
310
What is -30 (base 16) in base 6?
-120
What is 11 (base 8) in base 2?
1001
Convert -24 (base 10) to base 3.
-220
-10 (base 5) to base 10
-5
What is -7 (base 14) in base 15?
-7
6 (base 10) to base 9
6
What is 4 (base 7) in base 10?
4
41 (base 11) to base 6
113
-18 (base 12) to base 11
-19
What is 33 (base 4) in base 6?
23
Convert -203 (base 10) to base 11.
-175
Convert 0 (base 10) to base 8.
0
-1 (base 8) to base 12
-1
-185 (base 9) to base 13
-c2
3 (base 15) to base 12
3
Convert 0 (base 12) to base 2.
0
What is -40 (base 11) in base 3?
-1122
What is 3 (base 14) in base 3?
10
Convert 40 (base 5) to base 16.
14
Convert -61 (base 15) to base 10.
-91
What is 5 (base 16) in base 11?
5
What is 10 (base 2) in base 12?
2
1e (base 16) to base 9
33
What is 36 (base 8) in base 7?
42
Convert -17 (base 14) to base 6.
-33
3 (base 8) to base 16
3
23 (base 6) to base 14
11
2111 (base 3) to base 10
67
What is 7 (base 12) in base 14?
7
What is -82 (base 10) in base 8?
-122
23 (base 12) to base 9
30
-434 (base 8) to base 13
-18b
-65 (base 7) to base 8
-57
13 (base 4) to base 10
7
-14 (base 5) to base 16
-9
Convert 187 (base 9) to base 10.
160
-213 (base 5) to base 14
-42
Convert -44 (base 8) to base 5.
-121
Convert -10 (base 8) to base 4.
-20
Convert 63 (base 11) to base 6.
153
3 (base 10) to base 12
3
Convert -144 (base 8) to base 10.
-100
-5 (base 14) to base 8
-5
Convert 12 (base 11) to base 9.
14
What is 1c (base 16) in base 5?
103
-5 (base 15) to base 9
-5
a (base 13) to base 5
20
1310 (base 4) to base 2
1110100
-7e (base 16) to base 12
-a6
What is -110 (base 10) in base 2?
-1101110
Convert -33 (base 10) to base 2.
-100001
40 (base 14) to base 3
2002
Convert 110111 (base 2) to base 16.
37
Convert -5 (base 12) to base 7.
-5
What is 2 (base 13) in base 6?
2
What is -122 (base 5) in base 6?
-101
-30 (base 13) to base 2
-100111
2102 (base 3) to base 2
1000001
-4 (base 14) to base 13
-4
Convert 12 (base 3) to base 4.
11
Convert -1000 (base 2) to base 12.
-8
Convert 2 (base 16) to base 4.
2
Convert -2 (base 10) to base 2.
-10
Convert 11 (base 8) to base 9.
10
Convert -3 (base 9) to base 16.
-3
What is 87 (base 9) in base 5?
304
What is -2 (base 12) in base 11?
-2
Convert -2 (base 13) to base 5.
-2
What is 7 (base 8) in base 2?
111
What is -1202 (base 3) in base 2?
-101111
Convert -27 (base 8) to base 9.
-25
What is -30 (base 6) in base 11?
-17
What is 17 (base 8) in base 10?
15
-100 (base 2) to base 16
-4
Convert -10 (base 7) to base 12.
-7
Convert -3d (base 16) to base 2.
-111101
What is 0 (base 6) in base 8?
0
63 (base 9) to base 13
45
What is -33 (base 16) in base 11?
-47
Convert -12 (base 16) to base 14.
-14
Convert 11 (base 4) to base 10.
5
What is -24 (base 14) in base 9?
-35
Convert -11 (base 9) to base 4.
-22
43 (base 16) to base 5
232
-10 (base 4) to base 12
-4
Convert -3 (base 14) to base 4.
-3
What is -a (base 15) in base 3?
-101
What is -9 (base 13) in base 6?
-13
What is 6 (base 9) in base 3?
20
-1d (base 15) to base 11
-26
What is 3 (base 14) in base 5?
3
-1 (base 14) to base 4
-1
1 (base 4) to base 2
1
Convert -7 (base 15) to base 4.
-13
Convert -9 (base 16) to base 6.
-13
What is -1b (base 15) in base 11?
-24
What is -11 (base 6) in base 7?
-10
-1120 (base 3) to base 12
-36
What is 2 (base 16) in base 3?
2
5 (base 11) to base 14
5
0 (base 2) to base 12
0
-213 (base 4) to base 7
-54
What is -422 (base 6) in base 13?
-c2
What is 63 (base 14) in base 5?
322
What is 4 (base 5) in base 12?
4
Convert -120 (base 4) to base 6.
-40
What is -10 (base 2) in base 5?
-2
-100 (base 8) to base 4
-1000
Convert 2 (base 9) to base 15.
2
Convert 111 (base 2) to base 13.
7
7 (base 15) to base 13
7
171 (base 10) to base 8
253
2a (base 13) to base 15
26
What is 230 (base 4) in base 9?
48
Convert 11 (base 2) to base 9.
3
What is 4 (base 7) in base 9?
4
-8 (base 9) to base 5
-13
-5 (base 11) to base 12
-5
Convert 101 (base 6) to base 15.
27
Convert -3 (base 10) to base 3.
-10
What is 232 (base 6) in base 3?
10102
What is -1 (base 6) in base 8?
-1
What is 100 (base 2) in base 4?
10
2 (base 16) to base 2
10
Convert 32 (base 6) to base 12.
18
56 (base 12) to base 14
4a
Convert 1 (base 11) to base 7.
1
What is 2 (base 7) in base 5?
2
3211 (base 4) to base 10
229
-2021 (base 3) to base 12
-51
Convert 25 (base 11) to base 14.
1d
What is -2 (base 14) in base 4?
-2
Convert 2 (base 6) to base 9.
2
Convert 222 (base 5) to base 14.
46
Convert -13 (base 6) to base 4.
-21
Convert 30 (base 10) to base 9.
33
Convert 7 (base 9) to base 7.
10
What is -2 (base 16) in base 2?
-10
What is -55 (base 9) in base 13?
-3b
-217 (base 13) to base 14
-1b8
Convert 13 (base 7) to base 5.
20
What is c (base 16) in base 3?
110
133 (base 7) to base 15
4d
20 (base 4) to base 3
22
-2 (base 12) to base 14
-2
Convert -2 (base 4) to base 2.
-10
What is -12 (base 15) in base 13?
-14
What is -b (base 14) in base 12?
-b
2 (base 14) to base 10
2
-132 (base 7) to base 16
-48
-67 (base 12) to base 8
-117
74 (base 12) to base 8
130
What is -12220 (base 3) in base 15?
-a9
10 (bas